/(745/1192) - (-274371)/5?
8
Suppose 64*l = l + 456813. What is the hundreds digit of l?
2
Suppose -51144 = -l - 5*d, 0 = -5*l - d + 300082 - 44530. What is the ten thousands digit of l?
5
Let c(d) be the second derivative of -34*d**3/3 - 16*d**2 - 34*d. What is the tens digit of c(-6)?
7
Suppose -3 = 4*g - 2*w + 3, 4*w = 3*g + 17. Suppose -g + 5 = -2*d, -5*h - 2*d = -766. What is the units digit of h?
4
Let g(j) = 33*j**3 - 3*j**2 + 2. Suppose 7*u + 360 = u. Let x = 61 + u. What is the tens digit of g(x)?
3
Suppose -5*t + 25 = -q, -10 = -2*q - 5*t - 0. Let c(d) = -2*d - 13. Let l be c(q). What is the units digit of l/(-9)*217 + (-2)/(-3)?
3
Suppose 0*c - v = c - 3676, 2*c - 5*v - 7310 = 0. What is the thousands digit of c?
3
Let a be (2/6)/(3/99). Let p(z) = 11*z**2 + 10 - 4*z**2 + z**3 - 22*z + 17*z**2 - 31*z**2. What is the hundreds digit of p(a)?
2
Let c be -26*(13/(-5) + 4/(-10)). Let g = c + -75. Suppose -g*r = -3*d + 750, 376 = 3*d - r - 376. What is the tens digit of d?
5
Let x(q) = 3217*q + 3. Let z be x(1). Suppose 8*p = 18*p - z. What is the tens digit of p?
2
Suppose -282*v + 280*v = -294. Let g = 895 + v. What is the tens digit of g?
4
Let d = -20385 + 48089. What is the ten thousands digit of d?
2
Let n = 83 + 130. Let u = -1412 + 1314. Let v = u + n. What is the units digit of v?
5
Let w(p) = -5*p**2 - 2 - 7*p + 1 - 6*p**3 + 0 + 2*p**2. Suppose -m - 3 = -0*m. What is the hundreds digit of w(m)?
1
Suppose 12*u + 3 = 15. What is the units digit of 2284*3/4 - (3 + u)?
9
Let u be 6/4 + 13332/8. Suppose 4 = -2*w, 2*d + 0*w = 2*w + u. What is the units digit of d?
2
Let a = 25505 + -17174. What is the tens digit of a?
3
Suppose -5 = -3*f + 2*f. Suppose -2*x - 2*h = 3*x - 20, h - 7 = -x. Suppose 12 = 3*l, 497 = -f*k + 8*k + x*l. What is the tens digit of k?
6
Suppose -2*j + 4 = -2*t - 4*j, 3*j - 22 = 4*t. What is the units digit of (260 + 1)*8/(t - -12)?
1
Suppose -2*c + 3*c - 3*c = 0. Suppose -2*f + 3*z + 422 = c, -60 - 169 = -f - 3*z. What is the tens digit of f?
1
Let k(u) = 3*u**2 - 28*u + 27. Let x(o) be the third derivative of o**5/12 + o**4/6 - o**3/6 + 5*o**2. Let w be x(-2). What is the units digit of k(w)?
2
Suppose -12*r - 433 - 419 = 0. Let s = r - -65. What is the units digit of 2/s - 356/(-6)?
9
Suppose -5*l + 90 = l. Let b(s) = s**3 - 13*s**2 - 12*s + 20. Let x be b(l). Let v = x - 161. What is the hundreds digit of v?
1
Let j = 36 + -36. Let d be 1 - ((j - -2) + -3). Suppose 8 + 2 = d*a, 91 = 3*g + 2*a. What is the tens digit of g?
2
Let t(v) = v**3 - 2*v**2 + 2*v + 5. Let q be t(-6). Let i = 1142 + -729. Let l = i + q. What is the tens digit of l?
1
Let u(r) = -8*r**2 + 7*r**2 - 12*r + 9 - 5. Let p be u(-12). Suppose 2*o + 3*j + 4 - 109 = 0, -4*o - p*j = -200. What is the units digit of o?
5
Let j(m) = -m**2 - m + 2. Let r be j(-2). Suppose -4*f = r, 5*y - 2*f - f = 40. What is the tens digit of -240*(-5)/(100/y)?
9
Let z be (-145)/4 + (-3)/(-12). Let y be ((-6)/(z/15))/(2/4). Suppose 1100 = 15*o - y*o. What is the tens digit of o?
1
Let w(i) = -i**2 + i + 8. Let m be w(4). Let h be 4 - 562*(m - -6). What is the units digit of h/(-12) + -1 + (-10)/(-6)?
4
Let y be ((-8)/(-2) - 0) + 1 + -1. Suppose -j - y*b + 486 = 0, -3*j - 4*b + 1458 = -0*b. What is the tens digit of j?
8
Let z(f) = 13*f**2 + 37*f + 9. Let j be z(-8). Let i = 1097 - j. What is the tens digit of i?
5
Let z = 23 - 19. Suppose -z*n = -18 - 6. What is the hundreds digit of 100 + (-3 + 3)*3/n?
1
What is the hundreds digit of (55535/25 + -5)/(99/330)?
3
Suppose -24*n + 29*n + 47520 = 21*n. What is the thousands digit of n?
2
Let y(h) = -h**2 - 8*h - 13. Let s(a) = 9*a + 13. Let j(q) = -4*s(q) - 3*y(q). What is the hundreds digit of j(-12)?
5
Let b be (4/(-1))/(((-21)/(-14))/(-3)). Suppose -2*t - b = -6*t. Suppose -x + 3*m = -103, -t*x - 5*m + 306 - 122 = 0. What is the units digit of x?
7
Let w(y) = -17*y**3 - 9*y**2 + 25*y + 89. What is the units digit of w(-5)?
4
What is the tens digit of (-6)/(-48) - ((-7992)/64 - -5)?
2
Suppose -389*p = 313761 - 4722687. What is the ten thousands digit of p?
1
Let q be 0/(3 - 1 - 1). Suppose q = c + 1 - 402. Suppose -3*a - s + c = 4*s, 3*s - 679 = -5*a. What is the tens digit of a?
3
Let t be (-5 - (-20 + 9)) + -777. Let c = 208 - t. What is the tens digit of c?
7
Let r = 10070 - 4961. What is the hundreds digit of r?
1
Let s = -25956 + 37136. What is the thousands digit of s?
1
Let y be (3*6/(-18)*-401)/(-1). Let f = -300 - y. What is the units digit of f?
1
Let w(n) = n**3 + 2*n + 1. Let g be w(-2). Let m(t) = -12*t + t**3 + 69 - 76 - 5*t**2 + 15*t**2. What is the units digit of m(g)?
4
Suppose 39*o - 5 = 38*o. Suppose o*v - 6*v + 295 = 0. What is the hundreds digit of v?
2
Suppose 15*j - 754 = 2*j. What is the hundreds digit of j*(-4 + 75/10)?
2
Suppose -11*w - 16*w = -108. Let s = 406 - 131. Suppose 3*j = -w*l + 5*j + 530, 0 = 2*l - 3*j - s. What is the units digit of l?
0
Suppose 0 = -0*c + 3*c - 4*k - 237, -4*c - 3*k + 291 = 0. Let m = 79 - c. Suppose 3*p - 752 = -2*q, 6*p - 1000 = 2*p - m*q. What is the tens digit of p?
5
Let a(o) = -2*o**3 + o**3 + 7*o**2 - 10 - 4*o + 0. Let f be (1 + 2)/(65/130). What is the units digit of a(f)?
2
Let d(t) be the first derivative of -169*t**4/4 - t**3 - 5*t**2/2 - 9*t + 120. What is the units digit of d(-2)?
1
Let x be ((-25)/10)/5*-8. Suppose 7908 = x*k - 5*y, -2*k - 4*y = k - 5900. Suppose k = 16*b + 132. What is the hundreds digit of b?
1
Let y = -52 - -67. Suppose 3*o = -y + 18. Let v(m) = 147*m**3 - m**2 + 4*m - 3. What is the tens digit of v(o)?
4
Suppose 14050 = 16*b - 142222. What is the tens digit of b?
6
Suppose 30*m - 29*m + o + 3 = 0, 4*o = -2*m - 16. Suppose 768 = m*t - 5*f, -11*t + 7*t + 3*f = -1508. What is the units digit of t?
4
Let d be (-3)/10 - (-759)/230. Suppose -70 = d*u - 112. What is the units digit of u?
4
Let l = 111322 + -58893. What is the tens digit of l?
2
Let w = 28148 + 2145. What is the thousands digit of w?
0
Let q be (-27)/1 + 1 + -1. Let a be -121 + 117 + (7 - 0). Let f = a - q. What is the tens digit of f?
3
Let y(w) = -w**3 + 26*w**2 + 8*w + 40. Let v = 109 + -84. What is the tens digit of y(v)?
6
Suppose -2*l - 5*i = 5 - 3, -8 = 4*i. What is the units digit of ((-5576)/102)/(l/(-18))?
6
Let q be (-40)/5 + 2/(-2). Let c(b) be the third derivative of -b**5/60 - 7*b**4/12 + 10*b**3/3 + 8*b**2 + 15. What is the tens digit of c(q)?
6
Suppose 17*f = g + 15*f - 4550, 0 = -4*g + f + 18200. What is the tens digit of g?
5
Suppose 12*p - 68 = 16. Let m be p*-9*(-4)/84. Suppose -284 = -5*o + m*b, 5*o + 3*b - 266 = -0*o. What is the tens digit of o?
5
What is the tens digit of (320/224*14217/12)/(5/4)?
5
Let c(d) = -d**3 - 13*d**2 - 5*d - 14. Let z(m) = 3*m**2 + m - 9. Let w be z(-6). Let j = w - 107. What is the hundreds digit of c(j)?
2
Let k = -67276 + 114963. What is the hundreds digit of k?
6
What is the tens digit of 9/((549/(-108) - -5)/((-542)/8))?
1
Let b be (-24)/60 + 5001/15 + 0. Suppose 33*d + b = 42*d. What is the units digit of d?
7
Let r(n) = -3*n**3 - 63*n**2 - 47*n + 54. What is the units digit of r(-25)?
9
Let p(g) be the second derivative of g**5/20 - g**4/6 - 5*g**2 + 7*g. Let s be p(9). Suppose 3*t + 20 = s. What is the units digit of t?
9
Suppose 37*x - 35*x = -1266. Let n = 1056 + x. What is the hundreds digit of n?
4
Suppose 13*a = 52 - 260. Let h(z) = -z**2 - 22*z - 29. What is the tens digit of h(a)?
6
Let u(p) = 10 - 63 + 12*p**3 + 29*p - 11*p**3 + 4*p**2 - 24*p**2. What is the tens digit of u(19)?
3
Let i = -62800 - -113513. What is the hundreds digit of i?
7
Let c(z) = -1228*z - 2669. What is the ten thousands digit of c(-15)?
1
What is the units digit of (-1543)/(-2)*180/(-225)*10/(-4)?
3
Let f be (14/(-10) - 14/(-35))*-1. What is the tens digit of (2525/10)/(f/4)?
1
Let g = 2 + -2. Suppose 5*z - 4*q + 36 = 120, 2*z - 36 = 4*q. What is the units digit of (-5 + g)/((-16)/z)?
5
Let p = 6472 + -3764. What is the tens digit of p?
0
Let u(d) = -22*d - 5. Let t(x) = -21*x - 5. Let r(b) = -5*t(b) + 4*u(b). Suppose -3*v = -k + 26, 4*k = 7*k + 4*v - 13. What is the hundreds digit of r(k)?
1
Let k = 26080 - -2898. What is the tens digit of k?
7
Let r(x) = 122*x + 191. Let v(m) = 7*m + 36. Let b be v(-4). What is the tens digit